 = -4*u + 91. Suppose -18*q + u*q = -4607. Is q prime?
False
Let k(a) = 3450*a**2 + 24*a + 131. Is k(-4) composite?
True
Let w = -45444 - -109507. Is w a prime number?
True
Let f be ((-80)/28)/((-7)/98). Is (16364/(-10))/((-16)/f) a composite number?
False
Suppose 2*l - 4 = 0, 5*l = -s + 51923 + 68178. Is s a prime number?
True
Let o be ((-343)/(-147))/((-14)/(-6)). Suppose -p + 3*s = -6996, -4*s - o = -5*s. Is p a composite number?
True
Suppose -39*v + 777714 = 82*v - 701753. Is v a prime number?
True
Suppose -3*i + 5*i + 4 = 0. Let h be -3*((-472)/12)/(0 - i). Suppose -37*m - h = -38*m. Is m composite?
False
Suppose -10*w + 38*w = 6*w + 224642. Is w composite?
False
Suppose -37*m = -28*m - 135. Let k = 2918 + m. Is k a prime number?
False
Let f be 4/(-39)*(-135)/180 + (-75)/(-39). Let q = -1512 + 15291. Suppose q = -f*y + 5*y. Is y prime?
False
Let j = 52 - 67. Let h(x) = -3*x. Let v(b) = -116*b + 21. Let p(a) = -2*h(a) + v(a). Is p(j) composite?
True
Let p(r) be the first derivative of 10 + 2*r - 1/4*r**4 - 4/3*r**3 - 5/2*r**2. Is p(-4) a composite number?
True
Is 16275 - ((30 - 6)/(-4) - -8) a prime number?
True
Let n(m) = 17961*m**2 - 117*m - 235. Is n(-2) prime?
True
Suppose -2*a + 22398 - 4942 = 0. Suppose 27*f - a = 23*f. Is f prime?
False
Suppose -181230 + 756223 = 39*q - 676634. Is q prime?
False
Suppose -3*c - 5*w - 9 = -2*w, 1 = -2*c + 3*w. Let s(i) = -873*i**3 + 3*i**2 - 2*i + 1. Is s(c) a composite number?
False
Suppose -3*n + 25 = 5*v + 8, 0 = -5*v + 3*n + 23. Suppose -3166 + 10172 = v*d + 2*o, 2*d = 5*o + 3521. Is d prime?
True
Let b(h) = 5*h**2 - 92*h - 270. Is b(-25) prime?
False
Let u(f) = 5*f**2 + 3. Let s(c) = 4*c**2 + c + 4. Let d(p) = 4*s(p) - 3*u(p). Let v be d(-2). Suppose 0 = v*z - 5*z + 262. Is z prime?
True
Suppose 4*v - 35 = -5*m, 4*m = -0*v + 2*v + 2. Suppose -2*i + 3*i - 3284 = 2*x, m*x = i - 3287. Let u = i + -1585. Is u composite?
False
Let t(c) = c**3 - 5*c**2 - 4*c - 10. Let u be t(6). Is (-15117)/u*((-160)/24 - -6) a composite number?
False
Let f(n) = n**3 + 48*n**2 + 284*n - 22. Is f(-20) a prime number?
False
Suppose 2*x = -2*r + 1858, -x = -6*x + r + 4675. Suppose o - 1270 = -5*b, 2*o - 88 = -4*b + x. Is b prime?
False
Let y be (7/(-21)*0)/(-1). Suppose y = -3*q + 41*q - 252206. Is q composite?
False
Suppose -31*r = 11*r - 11784486. Is r prime?
True
Suppose -4*b + 1249 = 5*o - 8616, 2*o + 4*b - 3946 = 0. Is o composite?
False
Is (-8)/(-14) + 1320/385 + 3 + 403587 prime?
False
Suppose -3*c - 7*z = -81915 - 253468, 0 = -4*c + 2*z + 447200. Is c a prime number?
True
Let g = 205420 - -135721. Is g prime?
True
Let d(s) = -s**3 - 29*s**2 - 54*s + 30. Let u be d(-26). Let g = u - -10163. Is g prime?
False
Suppose 0 = -195*n + 57732613 - 8841292 + 30196194. Is n composite?
False
Let v(a) = -a + 4. Let z be v(2). Let c(w) = 155*w - 4. Let i be c(z). Is (13 - i)*(0 - 1) prime?
True
Let a(u) = -u**2. Let q(l) = -25*l**2 + l - 17. Let v(b) = 6*a(b) - q(b). Let h be (-6)/((-30)/25) - (2 + -3). Is v(h) composite?
True
Suppose -2395*p + 2417*p = 3289198. Is p a composite number?
True
Let d = 845181 - 558619. Is d a prime number?
False
Let i(c) = 60*c + 31. Let r be i(4). Let n = 758 - r. Is n a composite number?
False
Suppose 0 = -3*k + 690 + 7965. Is k prime?
False
Let o = -5727 - -1837. Let j = 17791 + o. Is j prime?
True
Let n be (-14 - -6 - -6)*-15044. Suppose 382*b = 374*b + n. Is b composite?
False
Is ((-1)/(-4))/(171/25456428) composite?
False
Let b = 93 + -60. Let s = b - 25. Is (-4)/(-10) + s + (-17941)/(-35) a composite number?
False
Let a = -169 - -187. Let y(u) = 61*u + 11. Is y(a) a prime number?
True
Suppose 15*t = 2*t + 42159. Let a = 56 + t. Is a prime?
True
Suppose 243*w - 7765068 - 4166961 = 0. Is w composite?
False
Let f(u) = 17*u**3 - 56*u - 302*u**3 + 125*u + 3 - 65*u. Let r be f(-4). Suppose -4*t + 15*t - r = 0. Is t composite?
False
Suppose 56*y = 167111 - 54970 + 1042971. Is y composite?
False
Suppose -5 - 11 = -x. Suppose -19*q + x*q = -237. Is q composite?
False
Let c = -448909 + 635006. Is c a composite number?
False
Suppose 3*v + 2*z - 14840 = -2*z, 4*z = -16. Suppose -2*g + v = 2*l, 3*g + 4*l + 2481 = 4*g. Is g a composite number?
False
Let y(b) = -13*b**3 + 2*b + 1. Let q be y(-1). Let c be ((-328)/q)/(6/(-207)). Suppose -2*z + c = -5383. Is z a composite number?
False
Let t(m) = 2048*m - 667. Is t(13) composite?
True
Let x(n) = -2*n**3 + 10*n**2 - 2*n - 27. Let l be x(11). Let t = l + 2574. Is t prime?
False
Let i = 687342 - 440033. Is i a prime number?
True
Suppose -w - 2*x = 2, 4*w + 0 = 4*x - 20. Is w/(-10) + -2 + (-89499)/(-15) a composite number?
True
Suppose -5*a - o = -556582, -8*a - 10*o + 15*o + 890551 = 0. Is a prime?
True
Suppose -4*f = -5*p - 3514404 - 155647, 6*f - p = 5505057. Is f a composite number?
True
Let q(b) = 2*b**3 + 41*b**2 - 22*b - 18. Let x be q(-21). Is (-8)/(-32) - (26145/(-4))/x composite?
False
Let a = 402321 - 274222. Is a composite?
False
Let b be 1629/4*(-15312)/(-44). Suppose 61953 = 12*g - b. Is g a composite number?
True
Let k be ((-24)/(-4))/(2 - 4). Let y(n) = -n**2 - 5*n - 7. Let j be y(k). Is 0*j/2 - 85*-1 composite?
True
Let g be (6 - -1)/((-4)/(-332)). Suppose 0 = -4*i - 5*w + 2*w + g, -3*i + 3*w + 462 = 0. Is i a prime number?
True
Let x(t) = -t**2 + 18*t + 37. Let k be x(21). Is 33209/8 - k/(-208) a composite number?
True
Let v = 2103 + -757. Is (1/(-2))/((-1)/v) a prime number?
True
Suppose -b + 1 = 0, 6*p - 1708 = p - 3*b. Let y = -102 + p. Suppose 3*g + f = 360, -2*g + 0*f = f - y. Is g prime?
False
Suppose -5*x = 2*u - 756597, -2*u = 242*x - 247*x + 756613. Is x prime?
False
Is 1016/(-12)*(-669)/2 composite?
True
Suppose -5*o = 40, 39*o - 35*o = -4*m + 280356. Is m composite?
True
Let s = -651 - -550. Let l(z) = 34*z - 10. Let c be l(7). Let j = c + s. Is j a prime number?
True
Is (-79913)/(-5) + (-16 - (-574)/35) prime?
False
Let f(w) be the third derivative of 1/6*w**4 - 4/3*w**3 + 1/12*w**5 - 8*w**2 + 0 + 0*w. Is f(7) composite?
True
Let b(h) = -99*h**2 - 6*h - 47. Let g(f) = 197*f**2 + 9*f + 93. Let x(a) = 5*b(a) + 3*g(a). Is x(-7) composite?
True
Let t(y) = 4378*y**2 + 151*y + 2731. Is t(-16) prime?
True
Let v be 0 - (26/26)/((-1)/2). Suppose -8532 = -3*z - v*k, 2*z - 5707 = 2*k + 3*k. Is z a composite number?
True
Let g(d) = -22*d + 7. Suppose 0*u = 5*u + 15. Let f be g(u). Let r = f - 20. Is r prime?
True
Let a be 0/(-2)*4/8. Suppose a = z - 6 + 2. Suppose -t - 117 = -z*t. Is t a composite number?
True
Let d be (9/(-1) + 10)/((-1)/2). Let g(w) = -57*w - 17. Is g(d) a composite number?
False
Suppose -5*d + 6 = o, -d - 4*d + o = -14. Suppose -2*m - 3*b = -d*b - 24, 4*b = 5*m - 47. Suppose -m*n = -10*n - 537. Is n composite?
True
Suppose 0 = -8*q - 5*q. Is 1712 - (q + 1)/((-1)/(-3)) a prime number?
True
Let d = -2880 - -4146. Suppose 0 = 105*o - 106*o + d. Let v = -728 + o. Is v composite?
True
Suppose -2*v = -3*v + 1. Let b(g) = 158*g**3 + g - 2. Let p be b(v). Suppose 0 = -8*t + p + 27. Is t a prime number?
True
Let i be 6 + (-17)/(51/(-13110)). Suppose 19910 = 5*q + 5*y, 0 = -q - 3*y + i - 400. Is q a prime number?
False
Let m = 374344 - 190583. Is m composite?
False
Suppose -4 = -q - g + 2*g, 3*g + 16 = 4*q. Let p(b) = -b**2 - 9*b - 6. Let o be p(-6). Suppose 4*w - 1884 = -2*k, -k - o = -q*k. Is w a prime number?
False
Suppose 6*o - 5*d - 10973 = 2*o, 0 = -2*o + d + 5491. Suppose 27*w = o + 5542. Is w a prime number?
True
Let p = 10 - 8. Let w be (p/(-4))/((-7)/(-434)). Let s = 90 + w. Is s a prime number?
True
Let x(l) = 5*l**3 - 4*l**2 + 8*l + 14. Suppose -5*u = 24 - 54. Is x(u) prime?
False
Suppose -5*x + 10*x - 3*p = -2695, -4*x + 5*p = 2143. Suppose -3*k + 5*z + 3192 = 0, 3 = -0*z + z. Let r = x + k. Is r composite?
True
Let o(u) = 126*u - 212. Let m be o(30). Suppose 39*i - 35*i - m = 4*p, 2682 = 3*i - 5*p. Is i a prime number?
False
Suppose -2*q = 5*b - 4085, 2*b + 3*q + 125 - 1770 = 0. Is b a composite number?
True
Let b = 738169 + -511820. Is b prime?
False
Let j(p) be the first derivative of -3*p**2/2 + 54*p - 7. Let k be j(16). Is (-758)/(-6) - k/(-9) a composite number?
False
Let l(z) = 153180*z**2 + 16*z + 6. Is l(-2) prime?
False
Suppose 0 = 5*u - 2*w + 435335, 7*w - 11*w - 174110 = 2*u. Is u/(-30) + (-5)/30 a compo